{"id":63,"date":"2021-03-22T15:50:12","date_gmt":"2021-03-22T14:50:12","guid":{"rendered":"http:\/\/www.makolpharm.de\/wordpress\/?page_id=63"},"modified":"2021-04-21T14:47:00","modified_gmt":"2021-04-21T12:47:00","slug":"makol-damals","status":"publish","type":"page","link":"http:\/\/www.makolpharm.de\/?page_id=63","title":{"rendered":"MAKOL\u00a9 damals"},"content":{"rendered":"\n<p>Die Anf\u00e4nge unseres Unternehmens reichen tats\u00e4chlich bis in die Zeit vor dem 2. Weltkrieg zur\u00fcck. Naturheilkundliche Verordner aus dem &#8222;Ruhrpott&#8220; und dem Niederrhein fingen in dieser Zeit an ihre eigenen Rezepturen unter dem Namen Makol herstellen zu lassen.<\/p>\n\n\n\n<figure class=\"wp-block-gallery columns-2 is-cropped wp-block-gallery-1 is-layout-flex wp-block-gallery-is-layout-flex\"><ul class=\"blocks-gallery-grid\"><li class=\"blocks-gallery-item\"><figure><img loading=\"lazy\" decoding=\"async\" width=\"486\" height=\"745\" src=\"http:\/\/www.makolpharm.de\/wordpress\/wp-content\/uploads\/2021\/04\/altbuch2.jpg\" alt=\"\" data-id=\"100\" data-full-url=\"http:\/\/www.makolpharm.de\/wordpress\/wp-content\/uploads\/2021\/04\/altbuch2.jpg\" data-link=\"http:\/\/www.makolpharm.de\/wordpress\/?attachment_id=100\" class=\"wp-image-100\" srcset=\"http:\/\/www.makolpharm.de\/wordpress\/wp-content\/uploads\/2021\/04\/altbuch2.jpg 486w, http:\/\/www.makolpharm.de\/wordpress\/wp-content\/uploads\/2021\/04\/altbuch2-196x300.jpg 196w\" sizes=\"auto, (max-width: 486px) 100vw, 486px\" \/><\/figure><\/li><li class=\"blocks-gallery-item\"><figure><img loading=\"lazy\" decoding=\"async\" width=\"534\" height=\"780\" src=\"http:\/\/www.makolpharm.de\/wordpress\/wp-content\/uploads\/2021\/04\/altbuch1-1.jpg\" alt=\"\" data-id=\"127\" data-full-url=\"http:\/\/www.makolpharm.de\/wordpress\/wp-content\/uploads\/2021\/04\/altbuch1-1.jpg\" data-link=\"http:\/\/www.makolpharm.de\/wordpress\/?attachment_id=127\" class=\"wp-image-127\" srcset=\"http:\/\/www.makolpharm.de\/wordpress\/wp-content\/uploads\/2021\/04\/altbuch1-1.jpg 534w, http:\/\/www.makolpharm.de\/wordpress\/wp-content\/uploads\/2021\/04\/altbuch1-1-205x300.jpg 205w\" sizes=\"auto, (max-width: 534px) 100vw, 534px\" \/><\/figure><\/li><\/ul><\/figure>\n\n\n\n<figure class=\"wp-block-gallery columns-2 is-cropped wp-block-gallery-2 is-layout-flex wp-block-gallery-is-layout-flex\"><ul class=\"blocks-gallery-grid\"><li class=\"blocks-gallery-item\"><figure><img loading=\"lazy\" decoding=\"async\" width=\"534\" height=\"780\" src=\"http:\/\/localhost\/makolpharm01\/wp-content\/uploads\/2021\/02\/altbuch1.jpg\" alt=\"\" data-id=\"99\" data-link=\"http:\/\/localhost\/makolpharm01\/wer-wir-sind\/altbuch1\/\" class=\"wp-image-99\"\/><\/figure><\/li><li class=\"blocks-gallery-item\"><figure><img loading=\"lazy\" decoding=\"async\" width=\"486\" height=\"745\" src=\"http:\/\/localhost\/makolpharm01\/wp-content\/uploads\/2021\/02\/altbuch2.jpg\" alt=\"\" data-id=\"100\" data-link=\"http:\/\/localhost\/makolpharm01\/wer-wir-sind\/altbuch2\/\" class=\"wp-image-100\"\/><\/figure><\/li><\/ul><figcaption class=\"blocks-gallery-caption\">alte Fachliteratur aus unserer Bibliothek<\/figcaption><\/figure>\n\n\n\n<p><\/p>\n\n\n\n<p>Nach dem unseligen 2. Weltkrieg wurde diese T\u00e4tigkeit verst\u00e4rkt und bew\u00e4hrte Rezepturen von \u00c4rzten und Heilpraktikern aus ganz Deutschland zusammengetragen und als Makol &#8211; Arzneimittel bei der damaligen Zulassungsbeh\u00f6rde angemeldet. Die Herstellung der Arzneimittel wurde zumeist von Duisburger Apothekern \u00fcbernommen.<\/p>\n\n\n\n<figure class=\"wp-block-gallery columns-2 is-cropped wp-block-gallery-3 is-layout-flex wp-block-gallery-is-layout-flex\"><ul class=\"blocks-gallery-grid\"><li class=\"blocks-gallery-item\"><figure><img loading=\"lazy\" decoding=\"async\" width=\"620\" height=\"877\" src=\"http:\/\/www.makolpharm.de\/wordpress\/wp-content\/uploads\/2021\/04\/bga-schriftverkehr-vorderseite.jpg\" alt=\"\" data-id=\"102\" data-full-url=\"http:\/\/www.makolpharm.de\/wordpress\/wp-content\/uploads\/2021\/04\/bga-schriftverkehr-vorderseite.jpg\" data-link=\"http:\/\/www.makolpharm.de\/wordpress\/?attachment_id=102\" class=\"wp-image-102\" srcset=\"http:\/\/www.makolpharm.de\/wordpress\/wp-content\/uploads\/2021\/04\/bga-schriftverkehr-vorderseite.jpg 620w, http:\/\/www.makolpharm.de\/wordpress\/wp-content\/uploads\/2021\/04\/bga-schriftverkehr-vorderseite-212x300.jpg 212w\" sizes=\"auto, (max-width: 620px) 100vw, 620px\" \/><\/figure><\/li><li class=\"blocks-gallery-item\"><figure><img loading=\"lazy\" decoding=\"async\" width=\"620\" height=\"877\" src=\"http:\/\/www.makolpharm.de\/wordpress\/wp-content\/uploads\/2021\/04\/bga-antrag.jpg\" alt=\"\" data-id=\"101\" data-full-url=\"http:\/\/www.makolpharm.de\/wordpress\/wp-content\/uploads\/2021\/04\/bga-antrag.jpg\" data-link=\"http:\/\/www.makolpharm.de\/wordpress\/?attachment_id=101\" class=\"wp-image-101\" srcset=\"http:\/\/www.makolpharm.de\/wordpress\/wp-content\/uploads\/2021\/04\/bga-antrag.jpg 620w, http:\/\/www.makolpharm.de\/wordpress\/wp-content\/uploads\/2021\/04\/bga-antrag-212x300.jpg 212w\" sizes=\"auto, (max-width: 620px) 100vw, 620px\" \/><\/figure><\/li><\/ul><figcaption class=\"blocks-gallery-caption\">Schriftverkehr Bundesgesundheitsamt aus 1966<\/figcaption><\/figure>\n\n\n\n<p><\/p>\n\n\n\n<p>Unser 126 Seiten umfassendes Arzneimittel &#8211; Verzeichnis von 1977 enthielt ann\u00e4hernd 70 verschiedene Arzneimittel von Tropfen, Pulvern, Balsam, Dragees, Injektionen, Einreibungen, Salben, Tabletten und Tinkturen, die von uns direkt vertrieben wurden.<\/p>\n\n\n\n<figure class=\"wp-block-gallery columns-2 is-cropped wp-block-gallery-4 is-layout-flex wp-block-gallery-is-layout-flex\"><ul class=\"blocks-gallery-grid\"><li class=\"blocks-gallery-item\"><figure><img loading=\"lazy\" decoding=\"async\" width=\"789\" height=\"1024\" src=\"http:\/\/www.makolpharm.de\/wordpress\/wp-content\/uploads\/2021\/04\/vorwort-komp-789x1024.jpg\" alt=\"\" data-id=\"132\" data-full-url=\"http:\/\/www.makolpharm.de\/wordpress\/wp-content\/uploads\/2021\/04\/vorwort-komp.jpg\" data-link=\"http:\/\/www.makolpharm.de\/wordpress\/?attachment_id=132\" class=\"wp-image-132\" srcset=\"http:\/\/www.makolpharm.de\/wordpress\/wp-content\/uploads\/2021\/04\/vorwort-komp-789x1024.jpg 789w, http:\/\/www.makolpharm.de\/wordpress\/wp-content\/uploads\/2021\/04\/vorwort-komp-231x300.jpg 231w, http:\/\/www.makolpharm.de\/wordpress\/wp-content\/uploads\/2021\/04\/vorwort-komp-768x997.jpg 768w, http:\/\/www.makolpharm.de\/wordpress\/wp-content\/uploads\/2021\/04\/vorwort-komp-1184x1536.jpg 1184w, http:\/\/www.makolpharm.de\/wordpress\/wp-content\/uploads\/2021\/04\/vorwort-komp.jpg 1535w\" sizes=\"auto, (max-width: 706px) 89vw, (max-width: 767px) 82vw, 740px\" \/><\/figure><\/li><li class=\"blocks-gallery-item\"><figure><img loading=\"lazy\" decoding=\"async\" width=\"932\" height=\"1024\" src=\"http:\/\/www.makolpharm.de\/wordpress\/wp-content\/uploads\/2021\/04\/inhalt-komp-932x1024.jpg\" alt=\"\" data-id=\"131\" data-full-url=\"http:\/\/www.makolpharm.de\/wordpress\/wp-content\/uploads\/2021\/04\/inhalt-komp.jpg\" data-link=\"http:\/\/www.makolpharm.de\/wordpress\/?attachment_id=131\" class=\"wp-image-131\" srcset=\"http:\/\/www.makolpharm.de\/wordpress\/wp-content\/uploads\/2021\/04\/inhalt-komp-932x1024.jpg 932w, http:\/\/www.makolpharm.de\/wordpress\/wp-content\/uploads\/2021\/04\/inhalt-komp-273x300.jpg 273w, http:\/\/www.makolpharm.de\/wordpress\/wp-content\/uploads\/2021\/04\/inhalt-komp-768x844.jpg 768w, http:\/\/www.makolpharm.de\/wordpress\/wp-content\/uploads\/2021\/04\/inhalt-komp-1398x1536.jpg 1398w, http:\/\/www.makolpharm.de\/wordpress\/wp-content\/uploads\/2021\/04\/inhalt-komp.jpg 1705w\" sizes=\"auto, (max-width: 706px) 89vw, (max-width: 767px) 82vw, 740px\" \/><\/figure><\/li><\/ul><figcaption class=\"blocks-gallery-caption\">Ausschnitt aus dem Kompendium von 1977<\/figcaption><\/figure>\n\n\n\n<p><\/p>\n\n\n\n<p>Nach und nach setzte dann die im Gesundheitssektor \u00fcbliche Diversifizierung ein und der gr\u00f6\u00dfte Teil der Darreichungsformen wurde an spezialisierte Anbieter vergeben und nur noch Weichkapseln selbst vertrieben.<\/p>\n","protected":false},"excerpt":{"rendered":"<p>Die Anf\u00e4nge unseres Unternehmens reichen tats\u00e4chlich bis in die Zeit vor dem 2. Weltkrieg zur\u00fcck. Naturheilkundliche Verordner aus dem &#8222;Ruhrpott&#8220; und dem Niederrhein fingen in dieser Zeit an ihre eigenen Rezepturen unter dem Namen Makol herstellen zu lassen. Nach dem unseligen 2. Weltkrieg wurde diese T\u00e4tigkeit verst\u00e4rkt und bew\u00e4hrte Rezepturen von \u00c4rzten und Heilpraktikern aus &hellip; <\/p>\n<p class=\"link-more\"><a href=\"http:\/\/www.makolpharm.de\/?page_id=63\" class=\"more-link\"><span class=\"screen-reader-text\">\u201eMAKOL\u00a9 damals\u201c<\/span> weiterlesen<\/a><\/p>\n","protected":false},"author":1,"featured_media":0,"parent":0,"menu_order":0,"comment_status":"closed","ping_status":"closed","template":"","meta":{"footnotes":""},"class_list":["post-63","page","type-page","status-publish","hentry"],"_links":{"self":[{"href":"http:\/\/www.makolpharm.de\/index.php?rest_route=\/wp\/v2\/pages\/63","targetHints":{"allow":["GET"]}}],"collection":[{"href":"http:\/\/www.makolpharm.de\/index.php?rest_route=\/wp\/v2\/pages"}],"about":[{"href":"http:\/\/www.makolpharm.de\/index.php?rest_route=\/wp\/v2\/types\/page"}],"author":[{"embeddable":true,"href":"http:\/\/www.makolpharm.de\/index.php?rest_route=\/wp\/v2\/users\/1"}],"replies":[{"embeddable":true,"href":"http:\/\/www.makolpharm.de\/index.php?rest_route=%2Fwp%2Fv2%2Fcomments&post=63"}],"version-history":[{"count":10,"href":"http:\/\/www.makolpharm.de\/index.php?rest_route=\/wp\/v2\/pages\/63\/revisions"}],"predecessor-version":[{"id":133,"href":"http:\/\/www.makolpharm.de\/index.php?rest_route=\/wp\/v2\/pages\/63\/revisions\/133"}],"wp:attachment":[{"href":"http:\/\/www.makolpharm.de\/index.php?rest_route=%2Fwp%2Fv2%2Fmedia&parent=63"}],"curies":[{"name":"wp","href":"https:\/\/api.w.org\/{rel}","templated":true}]}}